, what is -6a - 2?
-70
In base 11, what is 23 - 6?
18
In base 8, what is 2 - 37?
-35
In base 16, what is 9 - -670?
679
In base 4, what is 21 + 32012?
32033
In base 2, what is 100 + -1010110111?
-1010110011
In base 5, what is -1231 + 0?
-1231
In base 5, what is 1 + -24242?
-24241
In base 4, what is 313100 + 10?
313110
In base 5, what is 4131 - 10?
4121
In base 2, what is 101010100011 - -10?
101010100101
In base 3, what is 20 - -100202?
100222
In base 8, what is -4 - 3642?
-3646
In base 13, what is -2b7 - 3?
-2ba
In base 10, what is -5 + 93?
88
In base 13, what is -4 + -1?
-5
In base 5, what is 142031 + 0?
142031
In base 6, what is -1 + -2400?
-2401
In base 11, what is 778 + -3?
775
In base 4, what is -10310 + -11?
-10321
In base 3, what is -22 - 101020?
-101112
In base 9, what is 17777 - 1?
17776
In base 8, what is 342 - 4?
336
In base 6, what is -3 + 105?
102
In base 8, what is -241 - -10?
-231
In base 16, what is fc1 + 0?
fc1
In base 14, what is -13cd - 3?
-13d2
In base 11, what is 5 + -2375?
-2370
In base 16, what is -5 - -6d?
68
In base 15, what is 182 + 1?
183
In base 10, what is 123 - -90?
213
In base 6, what is -5244 + 1?
-5243
In base 15, what is -a5 - -8?
-9c
In base 4, what is -11 + -120?
-131
In base 4, what is -100 + 10?
-30
In base 5, what is 12401 + 2?
12403
In base 2, what is -110001 - -1?
-110000
In base 14, what is -1 + -c5?
-c6
In base 12, what is -17 - -4?
-13
In base 11, what is 186 + -4?
182
In base 5, what is -334 - 10?
-344
In base 2, what is -1 - 1000010000?
-1000010001
In base 4, what is 3232 + 1?
3233
In base 9, what is 6646 + 4?
6651
In base 5, what is 101 + 10?
111
In base 8, what is 2 + 413?
415
In base 9, what is 36 - 41?
-4
In base 10, what is -26 + -7?
-33
In base 11, what is -1 + 944?
943
In base 13, what is 1 - 35?
-34
In base 5, what is -300 - 33?
-333
In base 4, what is -2 - 200?
-202
In base 6, what is 2 + 15455?
15501
In base 15, what is -9 + 8b?
82
In base 5, what is -2230 + -22?
-2302
In base 7, what is -3 - 50?
-53
In base 11, what is 38 - 9a?
-62
In base 5, what is 1 + 20303?
20304
In base 11, what is -87 + 4?
-83
In base 4, what is 213 + 100?
313
In base 8, what is 0 - 6546?
-6546
In base 9, what is -5 + -868?
-874
In base 10, what is -11 - 392?
-403
In base 15, what is -3 + 7e?
7b
In base 10, what is 2 + 34?
36
In base 5, what is 1420 - -43?
2013
In base 4, what is -103 - 21?
-130
In base 7, what is -13 - 11?
-24
In base 5, what is -13330 - 2?
-13332
In base 2, what is -100 - -1100001011?
1100000111
In base 12, what is 203 + -31?
192
In base 10, what is 5 + -34?
-29
In base 3, what is -101 + 20021?
12220
In base 8, what is 57 - -123?
202
In base 11, what is -6 - 845?
-850
In base 3, what is 12221 + -2?
12212
In base 9, what is -30 + 2?
-27
In base 15, what is -3 - 42b?
-42e
In base 10, what is 3 + -702?
-699
In base 6, what is 1 - 1004?
-1003
In base 10, what is 2 + -1774?
-1772
In base 8, what is 40 + -41?
-1
In base 15, what is -7 - 2c?
-34
In base 16, what is -4 + 18?
14
In base 7, what is -4606 - -4?
-4602
In base 14, what is 33a + 3?
33d
In base 6, what is 41 - -1512?
1553
In base 8, what is 3 - 2247?
-2244
In base 15, what is -10e - -3?
-10b
In base 3, what is -22 + 112120?
112021
In base 6, what is -4 + -1?
-5
In base 9, what is 2 + 162?
164
In base 3, what is -12 + 2012022?
2012010
In base 7, what is 626 - -10?
636
In base 14, what is -1 + -7?
-8
In base 16, what is -4 + -140?
-144
In base 4, what is 132100 - 2?
132032
In base 16, what is 5 + 2ee?
2f3
In base 6, what is 14 - -345?
403
In base 6, what is 40 - -13?
53
In base 9, what is 3 - -327?
331
In base 15, what is d4 + -4?
d0
In base 4, what is 1 - -310?
311
In base 7, what is 20561 - -3?
20564
In base 4, what is 222 + 23?
311
In base 9, what is -4 + -51?
-55
In base 3, what is 221011 + -12?
220222
In base 12, what is -2a - -6?
-24
In base 15, what is -d9 + -4?
-dd
In base 2, what is 1111 + -11110?
-1111
In base 3, what is 20 - -10002?
10022
In base 2, what is 110011000 + 100?
110011100
In base 2, what is -100 - -1001111100?
1001111000
In base 14, what is 9 - -44?
4d
In base 9, what is -48 - 78?
-137
In base 15, what is -39 + 0?
-39
In base 11, what is 3 - -61?
64
In base 9, what is 1 + 76?
77
In base 5, what is 1 - 21?
-20
In base 12, what is 1a - -2?
20
In base 3, what is -12 - -2102021?
2102002
In base 4, what is -12 + -3?
-21
In base 7, what is 54 + 240?
324
In base 7, what is 0 + 166?
166
In base 8, what is 36 + -106?
-50
In base 7, what is 2 + -22?
-20
In base 7, what is -16350 + 5?
-16342
In base 14, what is -d + 39?
2a
In base 4, what is 1 + -2312?
-2311
In base 11, what is -2171 + 2?
-216a
In base 6, what is 4 - -53?
101
In base 6, what is -41 - 352?
-433
In base 13, what is -3 + -100?
-103
In base 13, what is -5 + 7?
2
In base 12, what is 5 + 776?
77b
In base 14, what is 6 - -4?
a
In base 9, what is 5 + -83?
-77
In base 15, what is cc + 0?
cc
In base 7, what is -10 - -1011?
1001
In base 11, what is -76 + -14?
-8a
In base 6, what is -115 - 3?
-122
In base 16, what is -5 - 26f?
-274
In base 2, what is 101101000 - -101?
101101101
In base 13, what is 2c + 10?
3c
In base 3, what is 1001221 - -101?
1002022
In base 3, what is -12 + 111010?
110221
In base 2, what is 1000 - -110?
1110
In base 6, what is -320 - -5?
-311
In base 2, what is 11 - 101000?
-100101
In base 12, what is -3 - -940?
939
In base 6, what is -12 - -1443?
1431
In base 5, what is 2 - 11141?
-11134
In base 9, what is 41 + 8?
50
In base 14, what is -271 - 1?
-272
In base 2, what is -1100010010 + -1010?
-1100011100
In base 16, what is 1 + be?
bf
In base 2, what is 11 - -11111?
100010
In base 4, what is -10220 - 10?
-10230
In base 3, what is 11111 - -11?
11122
In base 12, what is a + -3?
7
In base 15, what is 7c + -2?
7a
In base 10, what is 14 - -131?
145
In base 4, what is 1 + -2013?
-2012
In base 13, what is 1048 + 5?
1050
In base 2, what is 0 - -1001111011?
1001111011
In base 8, what is 3 - 3473?
-3470
In base 2, what is -1000 + -1010100?
-1011100
In base 4, what is 1 - -331?
332
In base 10, what is 254 + 0?
254
In base 16, what is 1 - 6?
-5
In base 14, what is a - -17?
23
In base 13, what is -1 + -60?
-61
In base 2, what is 100 + -10?
10
In base 7, what is 12 + 464?
506
In base 7, what is 6 + 35?
44
In base 9, what is 83 + -115?
-22
In base 15, what is 68 - 6?
62
In base 14, what is -383 + 4?
-37d
In base 12, what is -5 - a2b?
-a34
In base 3, what is -2 + -101012201?
-101012210
In base 9, what is -23 - 5?
-28
In base 5, what is -1431 - 10?
-1441
In base 9, what is 555 + 2?
557
In base 14, what is 150 - -3?
153
In base 9, what is -30 - -2?
-27
In base 4, what is 10 - -22230?
22300
In base 3, what is 12 + -10202122?
-10202110
In base 15, what is 2 - 9b?
-99
In base 15, what is 50 + -3?
4c
In base 8, what is -317 - -2?
-315
In base 12, what is 2 + -20?
-1a
In base 15, what is -5 - -1?
-4
In base 4, what is -2 + -3103?
-3111
In base 7, what is 1602 + -3?
1566
In base 10, what is -1248 + 2?
-1246
In base 11, what is 19 + 2?
20
In base 6, what is 13450 + 5?
13455
In base 11, what is 5338 - -3?
5340
In base 4, what is 11 - -22033?
22110
In base 13, what is -66 - -3?
-63
In base 10, what is 4 - -6989?
6993
In base 8, what is 555 - 11?
544
In base 3, what is -12 - 1111?
-1200
In base 4, what is -1001 + 0?
-1001
In base 12, what is -46 + 4?
-42
In base 10, what is 17 + -159?
-142
In base 15, what is 41 - 4?
3c
In base 2, what is -101 - -1000001100?
1000000111
In base 4, what is -21 - 310?
-331
In base 4, what is 10 - 213?
-203
In base 9, what is -16373 + 0?
-16373
In base 6, what is -5 + -42?
-51
In base 15, what is 2eeb + 5?
3001
In base 8, what is 1051 - -1?
1052
In base 5, what is 3 - 22312?
-22304
In base 6, what is -113 + 12?
-101
In base 6, what is -32 - 21?
-53
In base 3, what is 21 - 2020?
-1222
In base 3, what is -12 + -10210012?
-10210101
In base 15, what is -2 - 0?
-2
In base 13, what is -3 - -10?
a
In base 5, what is 1333 - 2?
1331
In base 12, what is -2 - 118?
-11a
In base 10, what is 72 - 4?
68
In base 4, what is 101 + 20231?
20332
In base 5, what is 1 + -330?
-324
In base 9, what is 27 - 23?
4
In base 10, what is -25824 - -4?
-25820
In base 5, what is -3021 - -10?
-3011
In base 13, what is 28 + 10?
38
In base 2, what is 10111 - -1011?
100010
In base 9, what is 